{"id":39,"date":"2013-03-21T12:13:21","date_gmt":"2013-03-21T10:13:21","guid":{"rendered":"http:\/\/tvseebach.inspiratus.space\/?page_id=39"},"modified":"2026-02-19T13:37:50","modified_gmt":"2026-02-19T11:37:50","slug":"nordic-walking","status":"publish","type":"page","link":"http:\/\/www.turnverein-seebach.de\/?page_id=39","title":{"rendered":"Nordic Walking"},"content":{"rendered":"<h5><span style=\"color: #008080;\">Das Nordic Walking beginnt mit Lockerungs\u00fcbungen und nach einem kleinen Berganstieg, bei dem man schon fr\u00fch warm wird, kann jeder nach Kondition und Motivation seine Strecke walken. Am Ende der \u00dcbungsstunde werden dann Dehn\u00fcbungen gemacht, um einem Muskelkater vorzubeugen.<\/span><br>\n<span style=\"color: #008080;\">Die Gruppe trifft sich regelm\u00e4\u00dfig auch zu Wanderungen und gemeinsamen kleinen Feiern, um dadurch die Gruppenbindung zu verst\u00e4rken.<\/span><\/h5>\n<p><strong>Termine Sommerzeit:<\/strong> Montag, ab 17:00 Uhr; Donnerstag, ab 09:30 Uhr<\/p>\n<p><strong>Termine Winterzeit:<\/strong> Montag, ab 15:00 Uhr; Donnerstag, ab 09:30 Uhr<\/p>\n<p><strong>Treffpunkt:<\/strong> An den drei Eichen, Bad D\u00fcrkheim-Seebach<br>\n<strong>Ansprechpartnerin:<\/strong> Wilma Kr\u00f6sche<br>\n<strong>Tel.:<\/strong> 0 63 22 \/ 6 65 39<br>\n<strong>E-Mail:<\/strong> <a href=\"mailto:henning.kroesche@gmx.de\">henning.kroesche@gmx.de<\/a><\/p>\n<p>&nbsp;<\/p>\n<p><a href=\"http:\/\/www.turnverein-seebach.de\/?attachment_id=1225\" rel=\"attachment wp-att-1225\"><img decoding=\"async\" loading=\"lazy\" class=\"alignleft size-large wp-image-1225\" src=\"http:\/\/www.turnverein-seebach.de\/wp-content\/uploads\/2018\/12\/DSCN8050-1024x768.jpg\" alt=\"\" width=\"840\" height=\"630\" srcset=\"http:\/\/www.turnverein-seebach.de\/wp-content\/uploads\/2018\/12\/DSCN8050-1024x768.jpg 1024w, http:\/\/www.turnverein-seebach.de\/wp-content\/uploads\/2018\/12\/DSCN8050-300x225.jpg 300w, http:\/\/www.turnverein-seebach.de\/wp-content\/uploads\/2018\/12\/DSCN8050-768x576.jpg 768w, http:\/\/www.turnverein-seebach.de\/wp-content\/uploads\/2018\/12\/DSCN8050-1200x900.jpg 1200w\" sizes=\"(max-width: 709px) 85vw, (max-width: 909px) 67vw, (max-width: 1362px) 62vw, 840px\" \/><\/a><\/p>\n\n\n<figure class=\"wp-block-image size-large\"><a href=\"https:\/\/www.turnverein-seebach.de\/wp-content\/uploads\/2026\/02\/20230828_165849-scaled.jpg\"><img decoding=\"async\" loading=\"lazy\" width=\"1024\" height=\"768\" src=\"https:\/\/www.turnverein-seebach.de\/wp-content\/uploads\/2026\/02\/20230828_165849-1024x768.jpg\" alt=\"\" class=\"wp-image-2455\" srcset=\"http:\/\/www.turnverein-seebach.de\/wp-content\/uploads\/2026\/02\/20230828_165849-1024x768.jpg 1024w, http:\/\/www.turnverein-seebach.de\/wp-content\/uploads\/2026\/02\/20230828_165849-300x225.jpg 300w, http:\/\/www.turnverein-seebach.de\/wp-content\/uploads\/2026\/02\/20230828_165849-768x576.jpg 768w, http:\/\/www.turnverein-seebach.de\/wp-content\/uploads\/2026\/02\/20230828_165849-1536x1152.jpg 1536w, http:\/\/www.turnverein-seebach.de\/wp-content\/uploads\/2026\/02\/20230828_165849-2048x1536.jpg 2048w, http:\/\/www.turnverein-seebach.de\/wp-content\/uploads\/2026\/02\/20230828_165849-1200x900.jpg 1200w\" sizes=\"(max-width: 709px) 85vw, (max-width: 909px) 67vw, (max-width: 1362px) 62vw, 840px\" \/><\/a><\/figure>\n","protected":false},"excerpt":{"rendered":"<p>Das Nordic Walking beginnt mit Lockerungs\u00fcbungen und nach einem kleinen Berganstieg, bei dem man schon fr\u00fch warm wird, kann jeder nach Kondition und Motivation seine Strecke walken. Am Ende der \u00dcbungsstunde werden dann Dehn\u00fcbungen gemacht, um einem Muskelkater vorzubeugen. Die Gruppe trifft sich regelm\u00e4\u00dfig auch zu Wanderungen und gemeinsamen kleinen Feiern, um dadurch die Gruppenbindung &hellip; <a href=\"http:\/\/www.turnverein-seebach.de\/?page_id=39\" class=\"more-link\"><span class=\"screen-reader-text\">&#8222;Nordic Walking&#8220; <\/span>weiterlesen<\/a><\/p>\n","protected":false},"author":2,"featured_media":0,"parent":26,"menu_order":0,"comment_status":"open","ping_status":"open","template":"","meta":[],"_links":{"self":[{"href":"http:\/\/www.turnverein-seebach.de\/index.php?rest_route=\/wp\/v2\/pages\/39"}],"collection":[{"href":"http:\/\/www.turnverein-seebach.de\/index.php?rest_route=\/wp\/v2\/pages"}],"about":[{"href":"http:\/\/www.turnverein-seebach.de\/index.php?rest_route=\/wp\/v2\/types\/page"}],"author":[{"embeddable":true,"href":"http:\/\/www.turnverein-seebach.de\/index.php?rest_route=\/wp\/v2\/users\/2"}],"replies":[{"embeddable":true,"href":"http:\/\/www.turnverein-seebach.de\/index.php?rest_route=%2Fwp%2Fv2%2Fcomments&post=39"}],"version-history":[{"count":19,"href":"http:\/\/www.turnverein-seebach.de\/index.php?rest_route=\/wp\/v2\/pages\/39\/revisions"}],"predecessor-version":[{"id":2457,"href":"http:\/\/www.turnverein-seebach.de\/index.php?rest_route=\/wp\/v2\/pages\/39\/revisions\/2457"}],"up":[{"embeddable":true,"href":"http:\/\/www.turnverein-seebach.de\/index.php?rest_route=\/wp\/v2\/pages\/26"}],"wp:attachment":[{"href":"http:\/\/www.turnverein-seebach.de\/index.php?rest_route=%2Fwp%2Fv2%2Fmedia&parent=39"}],"curies":[{"name":"wp","href":"https:\/\/api.w.org\/{rel}","templated":true}]}}

<h5><span style="color: #008080;">Das Nordic Walking beginnt mit Lockerungsübungen und nach einem kleinen Berganstieg, bei dem man schon früh warm wird, kann jeder nach Kondition und Motivation seine Strecke walken. Am Ende der Übungsstunde werden dann Dehnübungen gemacht, um einem Muskelkater vorzubeugen.</span><br>
<span style="color: #008080;">Die Gruppe trifft sich regelmäßig auch zu Wanderungen und gemeinsamen kleinen Feiern, um dadurch die Gruppenbindung zu verstärken.</span></h5>
<p><strong>Termine Sommerzeit:</strong> Montag, ab 17:00 Uhr; Donnerstag, ab 09:30 Uhr</p>
<p><strong>Termine Winterzeit:</strong> Montag, ab 15:00 Uhr; Donnerstag, ab 09:30 Uhr</p>
<p><strong>Treffpunkt:</strong> An den drei Eichen, Bad Dürkheim-Seebach<br>
<strong>Ansprechpartnerin:</strong> Wilma Krösche<br>
<strong>Tel.:</strong> 0 63 22 / 6 65 39<br>
<strong>E-Mail:</strong> <a href="mailto:henning.kroesche@gmx.de">henning.kroesche@gmx.de</a></p>
<p>&nbsp;</p>
<p><a href="http://www.turnverein-seebach.de/?attachment_id=1225" rel="attachment wp-att-1225"><img decoding="async" loading="lazy" class="alignleft size-large wp-image-1225" src="http://www.turnverein-seebach.de/wp-content/uploads/2018/12/DSCN8050-1024x768.jpg" alt="" width="840" height="630" srcset="http://www.turnverein-seebach.de/wp-content/uploads/2018/12/DSCN8050-1024x768.jpg 1024w, http://www.turnverein-seebach.de/wp-content/uploads/2018/12/DSCN8050-300x225.jpg 300w, http://www.turnverein-seebach.de/wp-content/uploads/2018/12/DSCN8050-768x576.jpg 768w, http://www.turnverein-seebach.de/wp-content/uploads/2018/12/DSCN8050-1200x900.jpg 1200w" sizes="(max-width: 709px) 85vw, (max-width: 909px) 67vw, (max-width: 1362px) 62vw, 840px" /></a></p>


<figure class="wp-block-image size-large"><a href="https://www.turnverein-seebach.de/wp-content/uploads/2026/02/20230828_165849-scaled.jpg"><img decoding="async" loading="lazy" width="1024" height="768" src="https://www.turnverein-seebach.de/wp-content/uploads/2026/02/20230828_165849-1024x768.jpg" alt="" class="wp-image-2455" srcset="http://www.turnverein-seebach.de/wp-content/uploads/2026/02/20230828_165849-1024x768.jpg 1024w, http://www.turnverein-seebach.de/wp-content/uploads/2026/02/20230828_165849-300x225.jpg 300w, http://www.turnverein-seebach.de/wp-content/uploads/2026/02/20230828_165849-768x576.jpg 768w, http://www.turnverein-seebach.de/wp-content/uploads/2026/02/20230828_165849-1536x1152.jpg 1536w, http://www.turnverein-seebach.de/wp-content/uploads/2026/02/20230828_165849-2048x1536.jpg 2048w, http://www.turnverein-seebach.de/wp-content/uploads/2026/02/20230828_165849-1200x900.jpg 1200w" sizes="(max-width: 709px) 85vw, (max-width: 909px) 67vw, (max-width: 1362px) 62vw, 840px" /></a></figure>

<p>Das Nordic Walking beginnt mit Lockerungsübungen und nach einem kleinen Berganstieg, bei dem man schon früh warm wird, kann jeder nach Kondition und Motivation seine Strecke walken. Am Ende der Übungsstunde werden dann Dehnübungen gemacht, um einem Muskelkater vorzubeugen. Die Gruppe trifft sich regelmäßig auch zu Wanderungen und gemeinsamen kleinen Feiern, um dadurch die Gruppenbindung &hellip; <a href="http://www.turnverein-seebach.de/?page_id=39" class="more-link"><span class="screen-reader-text">&#8222;Nordic Walking&#8220; </span>weiterlesen</a></p>
